{"id":2,"date":"2021-09-12T17:10:22","date_gmt":"2021-09-12T14:10:22","guid":{"rendered":"https:\/\/suuretsetelit.net\/wordpress\/?page_id=2"},"modified":"2026-05-04T09:10:15","modified_gmt":"2026-05-04T06:10:15","slug":"esimerkkisivu","status":"publish","type":"page","link":"https:\/\/suuretsetelit.net\/?page_id=2","title":{"rendered":"Historiikki"},"content":{"rendered":"\n<p><strong>$uuret $etelit&nbsp;<\/strong>aloitti nykyisell\u00e4 kokoonpanollaan 1995 Hotelli Lappeen Doris-y\u00f6kerhossa, h\u00e4t\u00e4isesti tarjolla olevaa keikkaa varten osin silloin toimineen &#8217;Kaunis Nainen&#8217;-yhtyeen j\u00e4senist\u00e4, sek\u00e4 parista ulkopuolisesta puritaanista kasattuna. Teemailtaan tilattu minikeikka sujui niin notkeasti vain yhden pikaisen, akustisen treenin j\u00e4lkeen, ett\u00e4 kokoonpanolla p\u00e4\u00e4tettiin jatkaa edelleen uusien keikkojen toivossa. &#8217;Kaunis nainen&#8217;-nimell\u00e4 tehtiin viel\u00e4 toinenkin keikka, talvella &#8217;96, mutta t\u00e4m\u00e4n j\u00e4lkeen -Simo Klemin palattua kitaran varteen riemuretkelt\u00e4\u00e4n Intiasta- yhtyeen nimi muuttui $uuret $etelit-muotoon. Ohjelmistoa alettiin kasaamaan vanhalta pohjalta..ja keikkayleis\u00f6lt\u00e4 saadun vastakaiun mukaan. Simo j\u00e4tti orkesterin 2005 marraskuussa, mutta nelihenkinen $etelit jatkaa entisell\u00e4 raivolla!<\/p>\n\n\n\n<blockquote class=\"wp-block-quote has-text-align-center is-layout-flow wp-block-quote-is-layout-flow\">\n<p>&#8217;Voisko t\u00e4n soittaa Twistin\u00e4?&#8217; &#8211; usein pohdittu asia treeneiss\u00e4<\/p>\n<\/blockquote>\n\n\n\n<p>$uurien $eteleiden ohjelmisto koostuu cover-kappaleista, aina &#8217;60-luvun klassikoista jo tuoreempiin, samassa ikituoreessa hengess\u00e4 tehtyihin kappaleisiin. $etelien j\u00e4senten musiikillisissa taustoissa on kuitenkin sen verran sekalaisia vaikutteita, (Agentsista Dire Straitsiin, Paavo &amp; Zephyrist\u00e4 rankempaankin heavyyn) ett\u00e4 jokainen kappale saa omintakeisen $$-leiman sointiinsa. Yhdist\u00e4v\u00e4 tekij\u00e4 $uurien $eteleiden musiikissa kuitenkin on rautalankas\u00e4vytteisyys. Nauhakaikujen siivitt\u00e4m\u00e4ll\u00e4 kitarasaundilla yleis\u00f6n spittarit ja korkokeng\u00e4t saadaan heilumaan rockista twistiin, slovarista shuffleen&#8230;<\/p>\n\n\n\n<blockquote class=\"wp-block-quote is-layout-flow wp-block-quote-is-layout-flow\">\n<p>&#8217;Saako soittaa kaksi shufflea per\u00e4kk\u00e4in?&#8217;<\/p>\n<\/blockquote>\n\n\n\n<p>Keikkaa tehd\u00e4\u00e4n nykyisell\u00e4\u00e4n sen verran mit\u00e4 pienimuotoinen &#8217;hajaannus&#8217; miehist\u00f6n suhteen antaa my\u00f6den. Pari j\u00e4sent\u00e4 on vuosien saatossa saanut jo perheenlis\u00e4yst\u00e4kin, mutta meno ei juuri ole laantunut! Kev\u00e4\u00e4st\u00e4 2003 l\u00e4htien $etelit tekiv\u00e4t ensimm\u00e4ist\u00e4 pitk\u00e4soittoaan, jonka julkaisajankohta oli kes\u00e4kuussa 2004. &#8217;Sill\u00e4 silm\u00e4ll\u00e4&#8217;-nimell\u00e4 ristitty albumi pit\u00e4\u00e4 sis\u00e4ll\u00e4\u00e4n kipakkaa tulkintaa kolmentoista klassikon verran&#8230;.tallennuspaikkana toimi TL Soundin studio Mikkelin ty\u00f6v\u00e4entalolla ja masteroinnin hoiti Finnvox.<\/p>\n\n\n\n<p>Loppuvuodesta 2010 $etelit suuntasi j\u00e4lleen studioon. Pohjat nauhoitettiin 14 biisille, mutta monen tekij\u00e4n yhteisvaikutuksen my\u00f6t\u00e4 uuden levyn projekti j\u00e4i &#8217;piippuun&#8217;. Valmiiksi tehtiin yksi kappale, instrumentaali &#8217;Algeciras&#8217; (feat. Juho Hurskainen, saksofoni), joka julkaistiin 2013 ilmestyneell\u00e4 &#8217;Rautalankaa &#8211; Jees! #3&#8217; kokoelmalevyll\u00e4.<\/p>\n\n\n\n<p>Aikaa kului, ja kuinka ollakaan, &#8217;kadonneet nauhat&#8217; kaivettiin 2022 esiin ja digitaaliseen maailmaan eksyneet $etelit viimeisteliv\u00e4t lis\u00e4\u00e4 kappaleita. Mm Spotifyssa, Apple Musicissa ja Youtubessa julkaistiin lis\u00e4\u00e4; Good Morning Little Schoolgirl, Majakka ja Meri, Hetki Ly\u00f6 ja S\u00e4 luotat Karismaan. L\u00f6yd\u00e4t julkaisut mm <a href=\"https:\/\/open.spotify.com\/artist\/33ukKut9xBVKsjDpKQqZKS\" data-type=\"link\" data-id=\"https:\/\/open.spotify.com\/artist\/33ukKut9xBVKsjDpKQqZKS\">t\u00e4st\u00e4 <\/a>linkist\u00e4.<\/p>\n\n\n\n<h2 class=\"wp-block-heading has-larger-font-size\">&#8217;Keikkavuosi 31 k\u00e4yntiin 2026&#8217;<\/h2>\n\n\n\n<p>3.1.2026 oli 31. keikkavuoden k\u00e4ynnistys, Tiril\u00e4n ty\u00f6v\u00e4entalolla Lappeenrannassa. Tuhti satsi rokkia, rautalankaa ja twisti\u00e4 laittoi tutusti hien pintaan lauteiden molemmin puolin.<br>Keikkaa on siis tehty jo nelj\u00e4lle vuosikymmenell\u00e4, ja kahden valuutan aikana. Ja kyll\u00e4h\u00e4n my\u00f6 mielell\u00e4\u00e4n soitellaan!<\/p>\n\n\n\n<p>$etelit toimii oman ohjelmatoimiston v\u00e4lityksell\u00e4. Jos haluat $uuret $etelit keikalle, ota\u00a0<a href=\"mailto:keikat@suuretsetelit.net\">yhteytt\u00e4<\/a>!<\/p>\n\n\n\n<p>Repertuaari sopii &#8217;saunasta suvih\u00e4ihin&#8217; &#8211; tarvittaessa teemme my\u00f6s tilaisuuksien \u00e4\u00e4nentoiston, k\u00e4ytett\u00e4viss\u00e4mme on my\u00f6s ulkotapahtumiin riitt\u00e4v\u00e4\u00e4 kalustoa, tarvittaessa laadukasta langatonta mikki\u00e4 jne!<\/p>\n\n\n\n<p><\/p>\n","protected":false},"excerpt":{"rendered":"<p>$uuret $etelit&nbsp;aloitti nykyisell\u00e4 kokoonpanollaan 1995 Hotelli Lappeen Doris-y\u00f6kerhossa, h\u00e4t\u00e4isesti tarjolla olevaa keikkaa varten osin silloin toimineen &#8217;Kaunis Nainen&#8217;-yhtyeen j\u00e4senist\u00e4, sek\u00e4 parista ulkopuolisesta puritaanista kasattuna. Teemailtaan [&hellip;]<\/p>\n","protected":false},"author":1,"featured_media":6,"parent":0,"menu_order":0,"comment_status":"closed","ping_status":"open","template":"","meta":{"footnotes":""},"class_list":["post-2","page","type-page","status-publish","has-post-thumbnail","hentry"],"_links":{"self":[{"href":"https:\/\/suuretsetelit.net\/index.php?rest_route=\/wp\/v2\/pages\/2","targetHints":{"allow":["GET"]}}],"collection":[{"href":"https:\/\/suuretsetelit.net\/index.php?rest_route=\/wp\/v2\/pages"}],"about":[{"href":"https:\/\/suuretsetelit.net\/index.php?rest_route=\/wp\/v2\/types\/page"}],"author":[{"embeddable":true,"href":"https:\/\/suuretsetelit.net\/index.php?rest_route=\/wp\/v2\/users\/1"}],"replies":[{"embeddable":true,"href":"https:\/\/suuretsetelit.net\/index.php?rest_route=%2Fwp%2Fv2%2Fcomments&post=2"}],"version-history":[{"count":6,"href":"https:\/\/suuretsetelit.net\/index.php?rest_route=\/wp\/v2\/pages\/2\/revisions"}],"predecessor-version":[{"id":306,"href":"https:\/\/suuretsetelit.net\/index.php?rest_route=\/wp\/v2\/pages\/2\/revisions\/306"}],"wp:featuredmedia":[{"embeddable":true,"href":"https:\/\/suuretsetelit.net\/index.php?rest_route=\/wp\/v2\/media\/6"}],"wp:attachment":[{"href":"https:\/\/suuretsetelit.net\/index.php?rest_route=%2Fwp%2Fv2%2Fmedia&parent=2"}],"curies":[{"name":"wp","href":"https:\/\/api.w.org\/{rel}","templated":true}]}}